{"id":14,"date":"2023-01-06T09:53:38","date_gmt":"2023-01-06T08:53:38","guid":{"rendered":"https:\/\/www.rene-sueess.ch\/?page_id=14"},"modified":"2023-02-13T21:06:54","modified_gmt":"2023-02-13T20:06:54","slug":"ueber-uns","status":"publish","type":"page","link":"https:\/\/rene-sueess.ch\/?page_id=14","title":{"rendered":"\u00fcber uns"},"content":{"rendered":"\t\t<div data-elementor-type=\"wp-page\" data-elementor-id=\"14\" class=\"elementor elementor-14\">\n\t\t\t\t\t\t\t\t\t<section class=\"elementor-section elementor-top-section elementor-element elementor-element-5a75a03 elementor-section-boxed elementor-section-height-default elementor-section-height-default\" data-id=\"5a75a03\" data-element_type=\"section\">\n\t\t\t\t\t\t<div class=\"elementor-container elementor-column-gap-default\">\n\t\t\t\t\t<div class=\"elementor-column elementor-col-50 elementor-top-column elementor-element elementor-element-dfffdb3\" data-id=\"dfffdb3\" data-element_type=\"column\">\n\t\t\t<div class=\"elementor-widget-wrap elementor-element-populated\">\n\t\t\t\t\t\t\t\t<div class=\"elementor-element elementor-element-301c6d8 elementor-widget elementor-widget-image\" data-id=\"301c6d8\" data-element_type=\"widget\" data-widget_type=\"image.default\">\n\t\t\t\t<div class=\"elementor-widget-container\">\n\t\t\t<style>\/*! elementor - v3.10.0 - 09-01-2023 *\/\n.elementor-widget-image{text-align:center}.elementor-widget-image a{display:inline-block}.elementor-widget-image a img[src$=\".svg\"]{width:48px}.elementor-widget-image img{vertical-align:middle;display:inline-block}<\/style>\t\t\t\t\t\t\t\t\t\t\t\t<img loading=\"lazy\" decoding=\"async\" width=\"744\" height=\"562\" src=\"https:\/\/rene-sueess.ch\/wp-content\/uploads\/2023\/01\/Rene-WP-e1673348429661.jpg\" class=\"attachment-large size-large wp-image-62\" alt=\"\" srcset=\"https:\/\/rene-sueess.ch\/wp-content\/uploads\/2023\/01\/Rene-WP-e1673348429661.jpg 744w, https:\/\/rene-sueess.ch\/wp-content\/uploads\/2023\/01\/Rene-WP-e1673348429661-300x227.jpg 300w, https:\/\/rene-sueess.ch\/wp-content\/uploads\/2023\/01\/Rene-WP-e1673348429661-230x174.jpg 230w, https:\/\/rene-sueess.ch\/wp-content\/uploads\/2023\/01\/Rene-WP-e1673348429661-350x264.jpg 350w, https:\/\/rene-sueess.ch\/wp-content\/uploads\/2023\/01\/Rene-WP-e1673348429661-480x363.jpg 480w\" sizes=\"auto, (max-width: 744px) 100vw, 744px\" \/>\t\t\t\t\t\t\t\t\t\t\t\t\t\t\t<\/div>\n\t\t\t\t<\/div>\n\t\t\t\t\t<\/div>\n\t\t<\/div>\n\t\t\t\t<div class=\"elementor-column elementor-col-50 elementor-top-column elementor-element elementor-element-d76bda1\" data-id=\"d76bda1\" data-element_type=\"column\">\n\t\t\t<div class=\"elementor-widget-wrap elementor-element-populated\">\n\t\t\t\t\t\t\t\t<div class=\"elementor-element elementor-element-8abdf94 elementor-widget elementor-widget-text-editor\" data-id=\"8abdf94\" data-element_type=\"widget\" data-widget_type=\"text-editor.default\">\n\t\t\t\t<div class=\"elementor-widget-container\">\n\t\t\t<style>\/*! elementor - v3.10.0 - 09-01-2023 *\/\n.elementor-widget-text-editor.elementor-drop-cap-view-stacked .elementor-drop-cap{background-color:#818a91;color:#fff}.elementor-widget-text-editor.elementor-drop-cap-view-framed .elementor-drop-cap{color:#818a91;border:3px solid;background-color:transparent}.elementor-widget-text-editor:not(.elementor-drop-cap-view-default) .elementor-drop-cap{margin-top:8px}.elementor-widget-text-editor:not(.elementor-drop-cap-view-default) .elementor-drop-cap-letter{width:1em;height:1em}.elementor-widget-text-editor .elementor-drop-cap{float:left;text-align:center;line-height:1;font-size:50px}.elementor-widget-text-editor .elementor-drop-cap-letter{display:inline-block}<\/style>\t\t\t\t<p align=\"justify\"><strong>Rene Sueess<\/strong><br \/>Da das Leben viel zu schnell vorbei sein kann, m\u00f6chte er Arbeit mit Segeln verbinden. So erstellt und unterhaltet er Kunden Webseiten vom Schiff aus. Auftr\u00e4ge werden gerne ausgef\u00fchrt, kann aber teilweise ein bisschen l\u00e4nger dauern, da es sehr hart ist bei sch\u00f6nem Wetter unter Deck zu arbeiten. Er ist stolzer Vater von zwei erwachsenen S\u00f6hnen und lebt seit \u00fcber 20 Jahren mit seiner Partnerin Eveline zusammen. Er hat seine Leidenschaft zum Segeln schon vor \u00fcber 40 Jahren entdeckt und hat stetig darauf hin gearbeitet, dass er mit 50 genug Zeit hat um seinen Traum zu leben.<\/p>\t\t\t\t\t\t<\/div>\n\t\t\t\t<\/div>\n\t\t\t\t\t<\/div>\n\t\t<\/div>\n\t\t\t\t\t\t\t<\/div>\n\t\t<\/section>\n\t\t\t\t<section class=\"elementor-section elementor-top-section elementor-element elementor-element-11fe7f3 elementor-section-boxed elementor-section-height-default elementor-section-height-default\" data-id=\"11fe7f3\" data-element_type=\"section\">\n\t\t\t\t\t\t<div class=\"elementor-container elementor-column-gap-default\">\n\t\t\t\t\t<div class=\"elementor-column elementor-col-50 elementor-top-column elementor-element elementor-element-2b8e977\" data-id=\"2b8e977\" data-element_type=\"column\">\n\t\t\t<div class=\"elementor-widget-wrap elementor-element-populated\">\n\t\t\t\t\t\t\t\t<div class=\"elementor-element elementor-element-c3cbae5 elementor-widget elementor-widget-text-editor\" data-id=\"c3cbae5\" data-element_type=\"widget\" data-widget_type=\"text-editor.default\">\n\t\t\t\t<div class=\"elementor-widget-container\">\n\t\t\t\t\t\t\t<p align=\"justify\"><strong>Eveline Ritschard<br \/><\/strong>Schon als Kind war sie begeistert von Fernen L\u00e4ndern und absolvierte die Ausbildung zur Reiseberaterin. Dies entfachte endg\u00fcltig den Reisevirus in ihr. Anschliessend folgten Sprachaufenthalte und Arbeitseins\u00e4tze als Reiseleiterin in verschiedenen L\u00e4ndern Europas und den USA. Vor, zwischen und nach ihren Arbeitseins\u00e4tzen reiste sie durch verschiedene Kontinente, um Land und Leute kennen zu lernen, denn das geh\u00f6rte ja zu ihrem Job. W\u00e4hrend ihren Aufenthalten in Griechenland tr\u00e4umte sie davon, einmal durch die griechische Inselwelt zu segeln. Sie ist Schuld, dass die Reise diesen Sommer nach Griechenland f\u00fchrt. In diesem Sinne: Kalo Taxidi!<\/p>\t\t\t\t\t\t<\/div>\n\t\t\t\t<\/div>\n\t\t\t\t\t<\/div>\n\t\t<\/div>\n\t\t\t\t<div class=\"elementor-column elementor-col-50 elementor-top-column elementor-element elementor-element-cf3ca02\" data-id=\"cf3ca02\" data-element_type=\"column\">\n\t\t\t<div class=\"elementor-widget-wrap elementor-element-populated\">\n\t\t\t\t\t\t\t\t<div class=\"elementor-element elementor-element-b616a92 elementor-widget elementor-widget-image\" data-id=\"b616a92\" data-element_type=\"widget\" data-widget_type=\"image.default\">\n\t\t\t\t<div class=\"elementor-widget-container\">\n\t\t\t\t\t\t\t\t\t\t\t\t\t\t\t<img loading=\"lazy\" decoding=\"async\" width=\"750\" height=\"562\" src=\"https:\/\/rene-sueess.ch\/wp-content\/uploads\/2023\/01\/Eveline-e1673015607776.jpg\" class=\"attachment-large size-large wp-image-160\" alt=\"\" srcset=\"https:\/\/rene-sueess.ch\/wp-content\/uploads\/2023\/01\/Eveline-e1673015607776.jpg 750w, https:\/\/rene-sueess.ch\/wp-content\/uploads\/2023\/01\/Eveline-e1673015607776-300x225.jpg 300w, https:\/\/rene-sueess.ch\/wp-content\/uploads\/2023\/01\/Eveline-e1673015607776-230x172.jpg 230w, https:\/\/rene-sueess.ch\/wp-content\/uploads\/2023\/01\/Eveline-e1673015607776-350x262.jpg 350w, https:\/\/rene-sueess.ch\/wp-content\/uploads\/2023\/01\/Eveline-e1673015607776-480x360.jpg 480w\" sizes=\"auto, (max-width: 750px) 100vw, 750px\" \/>\t\t\t\t\t\t\t\t\t\t\t\t\t\t\t<\/div>\n\t\t\t\t<\/div>\n\t\t\t\t\t<\/div>\n\t\t<\/div>\n\t\t\t\t\t\t\t<\/div>\n\t\t<\/section>\n\t\t\t\t\t\t\t<\/div>\n\t\t","protected":false},"excerpt":{"rendered":"<p>Rene SueessDa das Leben viel zu schnell vorbei sein kann, m\u00f6chte er Arbeit mit Segeln verbinden. So erstellt und unterhaltet er Kunden [&hellip;]<\/p>\n","protected":false},"author":1,"featured_media":0,"parent":0,"menu_order":0,"comment_status":"closed","ping_status":"closed","template":"","meta":{"footnotes":""},"class_list":["post-14","page","type-page","status-publish","hentry"],"yoast_head":"<!-- This site is optimized with the Yoast SEO plugin v19.13 - https:\/\/yoast.com\/wordpress\/plugins\/seo\/ -->\n<title>\u00fcber uns - Rene Sueess Sailing Yacht Liesse<\/title>\n<meta name=\"description\" content=\"Rene Sueess Sailing Yacht Liesse unterwegs mit einer Amel Santorin Wir starten im April 2023 in Griechenland.\" \/>\n<meta name=\"robots\" content=\"index, follow, max-snippet:-1, max-image-preview:large, max-video-preview:-1\" \/>\n<link rel=\"canonical\" href=\"https:\/\/rene-sueess.ch\/?page_id=14\" \/>\n<meta property=\"og:locale\" content=\"de_DE\" \/>\n<meta property=\"og:type\" content=\"article\" \/>\n<meta property=\"og:title\" content=\"\u00fcber uns - Rene Sueess Sailing Yacht Liesse\" \/>\n<meta property=\"og:description\" content=\"Rene Sueess Sailing Yacht Liesse unterwegs mit einer Amel Santorin Wir starten im April 2023 in Griechenland.\" \/>\n<meta property=\"og:url\" content=\"https:\/\/rene-sueess.ch\/?page_id=14\" \/>\n<meta property=\"og:site_name\" content=\"Rene Sueess Sailing Yacht Liesse\" \/>\n<meta property=\"article:modified_time\" content=\"2023-02-13T20:06:54+00:00\" \/>\n<meta property=\"og:image\" content=\"https:\/\/rene-sueess.ch\/wp-content\/uploads\/2023\/01\/Rene-WP-e1673348429661.jpg\" \/>\n<meta name=\"twitter:card\" content=\"summary_large_image\" \/>\n<meta name=\"twitter:label1\" content=\"Gesch\u00e4tzte Lesezeit\" \/>\n\t<meta name=\"twitter:data1\" content=\"2\u00a0Minuten\" \/>\n<script type=\"application\/ld+json\" class=\"yoast-schema-graph\">{\"@context\":\"https:\/\/schema.org\",\"@graph\":[{\"@type\":\"WebPage\",\"@id\":\"https:\/\/rene-sueess.ch\/?page_id=14\",\"url\":\"https:\/\/rene-sueess.ch\/?page_id=14\",\"name\":\"\u00fcber uns - Rene Sueess Sailing Yacht Liesse\",\"isPartOf\":{\"@id\":\"https:\/\/rene-sueess.ch\/#website\"},\"datePublished\":\"2023-01-06T08:53:38+00:00\",\"dateModified\":\"2023-02-13T20:06:54+00:00\",\"description\":\"Rene Sueess Sailing Yacht Liesse unterwegs mit einer Amel Santorin Wir starten im April 2023 in Griechenland.\",\"breadcrumb\":{\"@id\":\"https:\/\/rene-sueess.ch\/?page_id=14#breadcrumb\"},\"inLanguage\":\"de\",\"potentialAction\":[{\"@type\":\"ReadAction\",\"target\":[\"https:\/\/rene-sueess.ch\/?page_id=14\"]}]},{\"@type\":\"BreadcrumbList\",\"@id\":\"https:\/\/rene-sueess.ch\/?page_id=14#breadcrumb\",\"itemListElement\":[{\"@type\":\"ListItem\",\"position\":1,\"name\":\"Startseite\",\"item\":\"https:\/\/rene-sueess.ch\/\"},{\"@type\":\"ListItem\",\"position\":2,\"name\":\"\u00fcber uns\"}]},{\"@type\":\"WebSite\",\"@id\":\"https:\/\/rene-sueess.ch\/#website\",\"url\":\"https:\/\/rene-sueess.ch\/\",\"name\":\"Rene Sueess Sailing Yacht Liesse\",\"description\":\"Rene Sueess Sailing Yacht Liesse unterwegs mit einer Amel Santorin Wir starten im April 2023 in Griechenland.\",\"potentialAction\":[{\"@type\":\"SearchAction\",\"target\":{\"@type\":\"EntryPoint\",\"urlTemplate\":\"https:\/\/rene-sueess.ch\/?s={search_term_string}\"},\"query-input\":\"required name=search_term_string\"}],\"inLanguage\":\"de\"}]}<\/script>\n<!-- \/ Yoast SEO plugin. -->","yoast_head_json":{"title":"\u00fcber uns - Rene Sueess Sailing Yacht Liesse","description":"Rene Sueess Sailing Yacht Liesse unterwegs mit einer Amel Santorin Wir starten im April 2023 in Griechenland.","robots":{"index":"index","follow":"follow","max-snippet":"max-snippet:-1","max-image-preview":"max-image-preview:large","max-video-preview":"max-video-preview:-1"},"canonical":"https:\/\/rene-sueess.ch\/?page_id=14","og_locale":"de_DE","og_type":"article","og_title":"\u00fcber uns - Rene Sueess Sailing Yacht Liesse","og_description":"Rene Sueess Sailing Yacht Liesse unterwegs mit einer Amel Santorin Wir starten im April 2023 in Griechenland.","og_url":"https:\/\/rene-sueess.ch\/?page_id=14","og_site_name":"Rene Sueess Sailing Yacht Liesse","article_modified_time":"2023-02-13T20:06:54+00:00","og_image":[{"url":"https:\/\/rene-sueess.ch\/wp-content\/uploads\/2023\/01\/Rene-WP-e1673348429661.jpg"}],"twitter_card":"summary_large_image","twitter_misc":{"Gesch\u00e4tzte Lesezeit":"2\u00a0Minuten"},"schema":{"@context":"https:\/\/schema.org","@graph":[{"@type":"WebPage","@id":"https:\/\/rene-sueess.ch\/?page_id=14","url":"https:\/\/rene-sueess.ch\/?page_id=14","name":"\u00fcber uns - Rene Sueess Sailing Yacht Liesse","isPartOf":{"@id":"https:\/\/rene-sueess.ch\/#website"},"datePublished":"2023-01-06T08:53:38+00:00","dateModified":"2023-02-13T20:06:54+00:00","description":"Rene Sueess Sailing Yacht Liesse unterwegs mit einer Amel Santorin Wir starten im April 2023 in Griechenland.","breadcrumb":{"@id":"https:\/\/rene-sueess.ch\/?page_id=14#breadcrumb"},"inLanguage":"de","potentialAction":[{"@type":"ReadAction","target":["https:\/\/rene-sueess.ch\/?page_id=14"]}]},{"@type":"BreadcrumbList","@id":"https:\/\/rene-sueess.ch\/?page_id=14#breadcrumb","itemListElement":[{"@type":"ListItem","position":1,"name":"Startseite","item":"https:\/\/rene-sueess.ch\/"},{"@type":"ListItem","position":2,"name":"\u00fcber uns"}]},{"@type":"WebSite","@id":"https:\/\/rene-sueess.ch\/#website","url":"https:\/\/rene-sueess.ch\/","name":"Rene Sueess Sailing Yacht Liesse","description":"Rene Sueess Sailing Yacht Liesse unterwegs mit einer Amel Santorin Wir starten im April 2023 in Griechenland.","potentialAction":[{"@type":"SearchAction","target":{"@type":"EntryPoint","urlTemplate":"https:\/\/rene-sueess.ch\/?s={search_term_string}"},"query-input":"required name=search_term_string"}],"inLanguage":"de"}]}},"_links":{"self":[{"href":"https:\/\/rene-sueess.ch\/index.php?rest_route=\/wp\/v2\/pages\/14","targetHints":{"allow":["GET"]}}],"collection":[{"href":"https:\/\/rene-sueess.ch\/index.php?rest_route=\/wp\/v2\/pages"}],"about":[{"href":"https:\/\/rene-sueess.ch\/index.php?rest_route=\/wp\/v2\/types\/page"}],"author":[{"embeddable":true,"href":"https:\/\/rene-sueess.ch\/index.php?rest_route=\/wp\/v2\/users\/1"}],"replies":[{"embeddable":true,"href":"https:\/\/rene-sueess.ch\/index.php?rest_route=%2Fwp%2Fv2%2Fcomments&post=14"}],"version-history":[{"count":29,"href":"https:\/\/rene-sueess.ch\/index.php?rest_route=\/wp\/v2\/pages\/14\/revisions"}],"predecessor-version":[{"id":320,"href":"https:\/\/rene-sueess.ch\/index.php?rest_route=\/wp\/v2\/pages\/14\/revisions\/320"}],"wp:attachment":[{"href":"https:\/\/rene-sueess.ch\/index.php?rest_route=%2Fwp%2Fv2%2Fmedia&parent=14"}],"curies":[{"name":"wp","href":"https:\/\/api.w.org\/{rel}","templated":true}]}}